{"id":6057,"date":"2025-01-28T10:12:13","date_gmt":"2025-01-28T10:12:13","guid":{"rendered":"https:\/\/congresodeescritores1937.dival.es\/project\/theodor-balk\/"},"modified":"2025-06-08T07:57:09","modified_gmt":"2025-06-08T07:57:09","slug":"theodor-balk","status":"publish","type":"project","link":"https:\/\/congresodeescritores1937.dival.es\/vlca\/project\/theodor-balk\/","title":{"rendered":"Theodor Balk"},"content":{"rendered":"<p>[et_pb_section fb_built=&#8221;1&#8243; _builder_version=&#8221;4.27.4&#8243; _module_preset=&#8221;default&#8221; background_color=&#8221;#000000&#8243; global_colors_info=&#8221;{}&#8221;][et_pb_row column_structure=&#8221;2_5,3_5&#8243; _builder_version=&#8221;4.27.4&#8243; _module_preset=&#8221;default&#8221; global_colors_info=&#8221;{}&#8221;][et_pb_column type=&#8221;2_5&#8243; _builder_version=&#8221;4.27.4&#8243; _module_preset=&#8221;default&#8221; global_colors_info=&#8221;{}&#8221;][et_pb_image src=&#8221;https:\/\/congresodeescritores1937.dival.es\/wp-content\/uploads\/2025\/02\/Theodor-Balk-ficha-1.jpg&#8221; title_text=&#8221;Theodor-Balk-fitxa&#8221; align=&#8221;center&#8221; _builder_version=&#8221;4.27.4&#8243; _module_preset=&#8221;default&#8221; border_radii=&#8221;on|100%|100%|100%|100%&#8221; border_width_all=&#8221;3px&#8221; border_color_all=&#8221;#FFFFFF&#8221; global_colors_info=&#8221;{}&#8221;][\/et_pb_image][\/et_pb_column][et_pb_column type=&#8221;3_5&#8243; _builder_version=&#8221;4.27.4&#8243; _module_preset=&#8221;default&#8221; global_colors_info=&#8221;{}&#8221;][et_pb_divider color=&#8221;#000000&#8243; _builder_version=&#8221;4.27.4&#8243; _module_preset=&#8221;default&#8221; global_colors_info=&#8221;{}&#8221;][\/et_pb_divider][et_pb_divider color=&#8221;#000000&#8243; _builder_version=&#8221;4.27.4&#8243; _module_preset=&#8221;default&#8221; global_colors_info=&#8221;{}&#8221;][\/et_pb_divider][et_pb_heading title=&#8221;Theodor Balk&#8221; _builder_version=&#8221;4.27.4&#8243; _module_preset=&#8221;default&#8221; title_font=&#8221;Ubuntu Condensed|700|||||||&#8221; title_text_align=&#8221;left&#8221; title_text_color=&#8221;#FFFFFF&#8221; title_font_size=&#8221;50px&#8221; global_colors_info=&#8221;{}&#8221;][\/et_pb_heading][et_pb_text _builder_version=&#8221;4.27.4&#8243; _module_preset=&#8221;default&#8221; text_font=&#8221;|300|||||||&#8221; text_text_color=&#8221;#FFFFFF&#8221; global_colors_info=&#8221;{}&#8221;]<\/p>\n<h5 style=\"line-height: 150%;\"><span style=\"font-weight: 400; color: #ffffff;\">22 de setembre de 1900, Zemun (Iugosl\u00e0via) &#8211; 25 de mar\u00e7 de 1974, Praga (Rep\u00fablica Txeca)<\/span><\/h5>\n<p>[\/et_pb_text][\/et_pb_column][\/et_pb_row][\/et_pb_section][et_pb_section fb_built=&#8221;1&#8243; _builder_version=&#8221;4.27.4&#8243; _module_preset=&#8221;default&#8221; global_colors_info=&#8221;{}&#8221;][et_pb_row column_structure=&#8221;1_5,3_5,1_5&#8243; _builder_version=&#8221;4.27.4&#8243; _module_preset=&#8221;default&#8221; global_colors_info=&#8221;{}&#8221;][et_pb_column type=&#8221;1_5&#8243; _builder_version=&#8221;4.27.4&#8243; _module_preset=&#8221;default&#8221; global_colors_info=&#8221;{}&#8221;][\/et_pb_column][et_pb_column type=&#8221;3_5&#8243; _builder_version=&#8221;4.27.4&#8243; _module_preset=&#8221;default&#8221; global_colors_info=&#8221;{}&#8221;][et_pb_text _builder_version=&#8221;4.27.4&#8243; _module_preset=&#8221;default&#8221; hover_enabled=&#8221;0&#8243; global_colors_info=&#8221;{}&#8221; sticky_enabled=&#8221;0&#8243;]<\/p>\n<h4 style=\"line-height: 150%; text-align: justify;\">Metge i escriptor serboalemany. Va estudiar Medicina a Zagreb i Viena. El 1929 es va traslladar a Berl\u00edn, on es va afiliar a la Lliga d\u2019Escriptors Revolucionaris Proletaris (Bund Proletarisch-revolution\u00e4rer Schriftsteller) i al Partit Comunista d\u2019Alemanya (KPD).  <\/h4>\n<h4 style=\"line-height: 150%; text-align: justify;\">Va col\u00b7laborar amb <em>Rote Fahne<\/em> i va ser cap de redacci\u00f3 de <em> Linkskurve.<\/em> Va escriure una novel\u00b7la, <em>Kapitalisten, Bonzen, Metallarbeiter<\/em>. Al mar\u00e7 de 1933 el van detindre les SA, el van torturar i va estar poc de temps empresonat. Les seues obres es van prohibir en el Tercer Reich. Es va exiliar a Praga, Par\u00eds i, finalment, a la regi\u00f3 del Sarre, on va publicar reportatges sobre l\u2019annexi\u00f3 d\u2019este territori a Alemanya. El 1934 es va editar el seu llibre <em>Hier spricht die Saar<\/em>.    <\/h4>\n<h4 style=\"line-height: 150%; text-align: justify;\">Participa en la Guerra Civil espa\u00f1ola incorpor\u00e1ndose, en 1937, a las Brigadas Internacionales como m\u00e9dico militar. Actu\u00f3 en la sesi\u00f3n del d\u00eda 6 en Madrid como portavoz del Batall\u00f3n Henri Barbusse en el II CIEDC, con una ponencia titulada <em>Claridad y fuego<\/em>. <\/h4>\n<h4 style=\"line-height: 150%; text-align: justify;\">El 1939 va passar per diversos camps d\u2019internament a Fran\u00e7a i el 1942 va aconseguir arribar a M\u00e8xic. El 1945 va tornar a Iugosl\u00e0via, on va treballar en cinema documental. El 1953 es va traslladar a Praga, on va continuar publicant les seues obres fins que va morir.  <\/h4>\n<p>[\/et_pb_text][\/et_pb_column][et_pb_column type=&#8221;1_5&#8243; _builder_version=&#8221;4.27.4&#8243; _module_preset=&#8221;default&#8221; global_colors_info=&#8221;{}&#8221;][\/et_pb_column][\/et_pb_row][\/et_pb_section][et_pb_section fb_built=&#8221;1&#8243; _builder_version=&#8221;4.27.4&#8243; _module_preset=&#8221;default&#8221; background_color=&#8221;#000000&#8243; global_colors_info=&#8221;{}&#8221;][et_pb_row _builder_version=&#8221;4.27.4&#8243; _module_preset=&#8221;default&#8221; global_colors_info=&#8221;{}&#8221;][et_pb_column type=&#8221;4_4&#8243; _builder_version=&#8221;4.27.4&#8243; _module_preset=&#8221;default&#8221; global_colors_info=&#8221;{}&#8221;][et_pb_gallery gallery_ids=&#8221;5614,5618,5617&#8243; fullwidth=&#8221;on&#8221; _builder_version=&#8221;4.27.4&#8243; _module_preset=&#8221;default&#8221; global_colors_info=&#8221;{}&#8221;][\/et_pb_gallery][\/et_pb_column][\/et_pb_row][\/et_pb_section]<\/p>\n","protected":false},"excerpt":{"rendered":"<p>22 de setembre de 1900, Zemun (Iugosl\u00e0via) &#8211; 25 de mar\u00e7 de 1974, Praga (Rep\u00fablica Txeca)Metge i escriptor serboalemany. Va estudiar Medicina a Zagreb i Viena. El 1929 es va traslladar a Berl\u00edn, on es va afiliar a la Lliga d\u2019Escriptors Revolucionaris Proletaris (Bund Proletarisch-revolution\u00e4rer Schriftsteller) i al Partit Comunista d\u2019Alemanya (KPD). Va col\u00b7laborar amb [&hellip;]<\/p>\n","protected":false},"author":1,"featured_media":5616,"comment_status":"open","ping_status":"closed","template":"","meta":{"_et_pb_use_builder":"on","_et_pb_old_content":"","_et_gb_content_width":"","footnotes":""},"project_category":[55],"project_tag":[],"class_list":["post-6057","project","type-project","status-publish","has-post-thumbnail","hentry","project_category-iugoslavia"],"_links":{"self":[{"href":"https:\/\/congresodeescritores1937.dival.es\/vlca\/wp-json\/wp\/v2\/project\/6057","targetHints":{"allow":["GET"]}}],"collection":[{"href":"https:\/\/congresodeescritores1937.dival.es\/vlca\/wp-json\/wp\/v2\/project"}],"about":[{"href":"https:\/\/congresodeescritores1937.dival.es\/vlca\/wp-json\/wp\/v2\/types\/project"}],"author":[{"embeddable":true,"href":"https:\/\/congresodeescritores1937.dival.es\/vlca\/wp-json\/wp\/v2\/users\/1"}],"replies":[{"embeddable":true,"href":"https:\/\/congresodeescritores1937.dival.es\/vlca\/wp-json\/wp\/v2\/comments?post=6057"}],"version-history":[{"count":3,"href":"https:\/\/congresodeescritores1937.dival.es\/vlca\/wp-json\/wp\/v2\/project\/6057\/revisions"}],"predecessor-version":[{"id":6060,"href":"https:\/\/congresodeescritores1937.dival.es\/vlca\/wp-json\/wp\/v2\/project\/6057\/revisions\/6060"}],"wp:featuredmedia":[{"embeddable":true,"href":"https:\/\/congresodeescritores1937.dival.es\/vlca\/wp-json\/wp\/v2\/media\/5616"}],"wp:attachment":[{"href":"https:\/\/congresodeescritores1937.dival.es\/vlca\/wp-json\/wp\/v2\/media?parent=6057"}],"wp:term":[{"taxonomy":"project_category","embeddable":true,"href":"https:\/\/congresodeescritores1937.dival.es\/vlca\/wp-json\/wp\/v2\/project_category?post=6057"},{"taxonomy":"project_tag","embeddable":true,"href":"https:\/\/congresodeescritores1937.dival.es\/vlca\/wp-json\/wp\/v2\/project_tag?post=6057"}],"curies":[{"name":"wp","href":"https:\/\/api.w.org\/{rel}","templated":true}]}}

<p>[et_pb_section fb_built=&#8221;1&#8243; _builder_version=&#8221;4.27.4&#8243; _module_preset=&#8221;default&#8221; background_color=&#8221;#000000&#8243; global_colors_info=&#8221;{}&#8221;][et_pb_row column_structure=&#8221;2_5,3_5&#8243; _builder_version=&#8221;4.27.4&#8243; _module_preset=&#8221;default&#8221; global_colors_info=&#8221;{}&#8221;][et_pb_column type=&#8221;2_5&#8243; _builder_version=&#8221;4.27.4&#8243; _module_preset=&#8221;default&#8221; global_colors_info=&#8221;{}&#8221;][et_pb_image src=&#8221;https://congresodeescritores1937.dival.es/wp-content/uploads/2025/02/Theodor-Balk-ficha-1.jpg&#8221; title_text=&#8221;Theodor-Balk-fitxa&#8221; align=&#8221;center&#8221; _builder_version=&#8221;4.27.4&#8243; _module_preset=&#8221;default&#8221; border_radii=&#8221;on|100%|100%|100%|100%&#8221; border_width_all=&#8221;3px&#8221; border_color_all=&#8221;#FFFFFF&#8221; global_colors_info=&#8221;{}&#8221;][/et_pb_image][/et_pb_column][et_pb_column type=&#8221;3_5&#8243; _builder_version=&#8221;4.27.4&#8243; _module_preset=&#8221;default&#8221; global_colors_info=&#8221;{}&#8221;][et_pb_divider color=&#8221;#000000&#8243; _builder_version=&#8221;4.27.4&#8243; _module_preset=&#8221;default&#8221; global_colors_info=&#8221;{}&#8221;][/et_pb_divider][et_pb_divider color=&#8221;#000000&#8243; _builder_version=&#8221;4.27.4&#8243; _module_preset=&#8221;default&#8221; global_colors_info=&#8221;{}&#8221;][/et_pb_divider][et_pb_heading title=&#8221;Theodor Balk&#8221; _builder_version=&#8221;4.27.4&#8243; _module_preset=&#8221;default&#8221; title_font=&#8221;Ubuntu Condensed|700|||||||&#8221; title_text_align=&#8221;left&#8221; title_text_color=&#8221;#FFFFFF&#8221; title_font_size=&#8221;50px&#8221; global_colors_info=&#8221;{}&#8221;][/et_pb_heading][et_pb_text _builder_version=&#8221;4.27.4&#8243; _module_preset=&#8221;default&#8221; text_font=&#8221;|300|||||||&#8221; text_text_color=&#8221;#FFFFFF&#8221; global_colors_info=&#8221;{}&#8221;]</p>
<h5 style="line-height: 150%;"><span style="font-weight: 400; color: #ffffff;">22 de setembre de 1900, Zemun (Iugoslàvia) &#8211; 25 de març de 1974, Praga (República Txeca)</span></h5>
<p>[/et_pb_text][/et_pb_column][/et_pb_row][/et_pb_section][et_pb_section fb_built=&#8221;1&#8243; _builder_version=&#8221;4.27.4&#8243; _module_preset=&#8221;default&#8221; global_colors_info=&#8221;{}&#8221;][et_pb_row column_structure=&#8221;1_5,3_5,1_5&#8243; _builder_version=&#8221;4.27.4&#8243; _module_preset=&#8221;default&#8221; global_colors_info=&#8221;{}&#8221;][et_pb_column type=&#8221;1_5&#8243; _builder_version=&#8221;4.27.4&#8243; _module_preset=&#8221;default&#8221; global_colors_info=&#8221;{}&#8221;][/et_pb_column][et_pb_column type=&#8221;3_5&#8243; _builder_version=&#8221;4.27.4&#8243; _module_preset=&#8221;default&#8221; global_colors_info=&#8221;{}&#8221;][et_pb_text _builder_version=&#8221;4.27.4&#8243; _module_preset=&#8221;default&#8221; hover_enabled=&#8221;0&#8243; global_colors_info=&#8221;{}&#8221; sticky_enabled=&#8221;0&#8243;]</p>
<h4 style="line-height: 150%; text-align: justify;">Metge i escriptor serboalemany. Va estudiar Medicina a Zagreb i Viena. El 1929 es va traslladar a Berlín, on es va afiliar a la Lliga d’Escriptors Revolucionaris Proletaris (Bund Proletarisch-revolutionärer Schriftsteller) i al Partit Comunista d’Alemanya (KPD).  </h4>
<h4 style="line-height: 150%; text-align: justify;">Va col·laborar amb <em>Rote Fahne</em> i va ser cap de redacció de <em> Linkskurve.</em> Va escriure una novel·la, <em>Kapitalisten, Bonzen, Metallarbeiter</em>. Al març de 1933 el van detindre les SA, el van torturar i va estar poc de temps empresonat. Les seues obres es van prohibir en el Tercer Reich. Es va exiliar a Praga, París i, finalment, a la regió del Sarre, on va publicar reportatges sobre l’annexió d’este territori a Alemanya. El 1934 es va editar el seu llibre <em>Hier spricht die Saar</em>.    </h4>
<h4 style="line-height: 150%; text-align: justify;">Participa en la Guerra Civil española incorporándose, en 1937, a las Brigadas Internacionales como médico militar. Actuó en la sesión del día 6 en Madrid como portavoz del Batallón Henri Barbusse en el II CIEDC, con una ponencia titulada <em>Claridad y fuego</em>. </h4>
<h4 style="line-height: 150%; text-align: justify;">El 1939 va passar per diversos camps d’internament a França i el 1942 va aconseguir arribar a Mèxic. El 1945 va tornar a Iugoslàvia, on va treballar en cinema documental. El 1953 es va traslladar a Praga, on va continuar publicant les seues obres fins que va morir.  </h4>
<p>[/et_pb_text][/et_pb_column][et_pb_column type=&#8221;1_5&#8243; _builder_version=&#8221;4.27.4&#8243; _module_preset=&#8221;default&#8221; global_colors_info=&#8221;{}&#8221;][/et_pb_column][/et_pb_row][/et_pb_section][et_pb_section fb_built=&#8221;1&#8243; _builder_version=&#8221;4.27.4&#8243; _module_preset=&#8221;default&#8221; background_color=&#8221;#000000&#8243; global_colors_info=&#8221;{}&#8221;][et_pb_row _builder_version=&#8221;4.27.4&#8243; _module_preset=&#8221;default&#8221; global_colors_info=&#8221;{}&#8221;][et_pb_column type=&#8221;4_4&#8243; _builder_version=&#8221;4.27.4&#8243; _module_preset=&#8221;default&#8221; global_colors_info=&#8221;{}&#8221;][et_pb_gallery gallery_ids=&#8221;5614,5618,5617&#8243; fullwidth=&#8221;on&#8221; _builder_version=&#8221;4.27.4&#8243; _module_preset=&#8221;default&#8221; global_colors_info=&#8221;{}&#8221;][/et_pb_gallery][/et_pb_column][/et_pb_row][/et_pb_section]</p>

<p>22 de setembre de 1900, Zemun (Iugoslàvia) &#8211; 25 de març de 1974, Praga (República Txeca)Metge i escriptor serboalemany. Va estudiar Medicina a Zagreb i Viena. El 1929 es va traslladar a Berlín, on es va afiliar a la Lliga d’Escriptors Revolucionaris Proletaris (Bund Proletarisch-revolutionärer Schriftsteller) i al Partit Comunista d’Alemanya (KPD). Va col·laborar amb [&hellip;]</p>
