{"id":6101,"date":"2025-01-27T22:19:23","date_gmt":"2025-01-27T22:19:23","guid":{"rendered":"https:\/\/congresodeescritores1937.dival.es\/project\/jose-mancisidor\/"},"modified":"2025-06-08T08:59:40","modified_gmt":"2025-06-08T08:59:40","slug":"jose-mancisidor","status":"publish","type":"project","link":"https:\/\/congresodeescritores1937.dival.es\/vlca\/project\/jose-mancisidor\/","title":{"rendered":"Jos\u00e9 Mancisidor"},"content":{"rendered":"<p>[et_pb_section fb_built=&#8221;1&#8243; _builder_version=&#8221;4.27.4&#8243; _module_preset=&#8221;default&#8221; background_color=&#8221;#000000&#8243; global_colors_info=&#8221;{}&#8221;][et_pb_row column_structure=&#8221;2_5,3_5&#8243; _builder_version=&#8221;4.27.4&#8243; _module_preset=&#8221;default&#8221; global_colors_info=&#8221;{}&#8221;][et_pb_column type=&#8221;2_5&#8243; _builder_version=&#8221;4.27.4&#8243; _module_preset=&#8221;default&#8221; global_colors_info=&#8221;{}&#8221;][et_pb_image src=&#8221;https:\/\/congresodeescritores1937.dival.es\/wp-content\/uploads\/2025\/01\/Jose-Mancisidor.jpg&#8221; title_text=&#8221;Jose-Mancisidor&#8221; align=&#8221;center&#8221; _builder_version=&#8221;4.27.4&#8243; _module_preset=&#8221;default&#8221; border_radii=&#8221;on|100%|100%|100%|100%&#8221; border_width_all=&#8221;3px&#8221; border_color_all=&#8221;#FFFFFF&#8221; global_colors_info=&#8221;{}&#8221;][\/et_pb_image][\/et_pb_column][et_pb_column type=&#8221;3_5&#8243; _builder_version=&#8221;4.27.4&#8243; _module_preset=&#8221;default&#8221; global_colors_info=&#8221;{}&#8221;][et_pb_divider color=&#8221;#000000&#8243; _builder_version=&#8221;4.27.4&#8243; _module_preset=&#8221;default&#8221; global_colors_info=&#8221;{}&#8221;][\/et_pb_divider][et_pb_divider color=&#8221;#000000&#8243; _builder_version=&#8221;4.27.4&#8243; _module_preset=&#8221;default&#8221; global_colors_info=&#8221;{}&#8221;][\/et_pb_divider][et_pb_heading title=&#8221;Jose Mancisidor&#8221; _builder_version=&#8221;4.27.4&#8243; _module_preset=&#8221;default&#8221; title_font=&#8221;Ubuntu Condensed|700|||||||&#8221; title_text_align=&#8221;left&#8221; title_text_color=&#8221;#FFFFFF&#8221; title_font_size=&#8221;50px&#8221; global_colors_info=&#8221;{}&#8221;][\/et_pb_heading][et_pb_text _builder_version=&#8221;4.27.4&#8243; _module_preset=&#8221;default&#8221; text_font=&#8221;|300|||||||&#8221; text_text_color=&#8221;#FFFFFF&#8221; global_colors_info=&#8221;{}&#8221;]<\/p>\n<h5 style=\"line-height: 150%; text-align: justify;\"><span style=\"font-weight: 400; color: #ffffff;\">20 d\u2019abril de 1894, Veracruz &#8211; 22 d\u2019agost de 1956, Monterrey (M\u00e8xic)<\/span><\/h5>\n<p>[\/et_pb_text][\/et_pb_column][\/et_pb_row][\/et_pb_section][et_pb_section fb_built=&#8221;1&#8243; _builder_version=&#8221;4.27.4&#8243; _module_preset=&#8221;default&#8221; global_colors_info=&#8221;{}&#8221;][et_pb_row column_structure=&#8221;1_5,3_5,1_5&#8243; _builder_version=&#8221;4.27.4&#8243; _module_preset=&#8221;default&#8221; global_colors_info=&#8221;{}&#8221;][et_pb_column type=&#8221;1_5&#8243; _builder_version=&#8221;4.27.4&#8243; _module_preset=&#8221;default&#8221; global_colors_info=&#8221;{}&#8221;][\/et_pb_column][et_pb_column type=&#8221;3_5&#8243; _builder_version=&#8221;4.27.4&#8243; _module_preset=&#8221;default&#8221; global_colors_info=&#8221;{}&#8221;][et_pb_text _builder_version=&#8221;4.27.4&#8243; _module_preset=&#8221;default&#8221; global_colors_info=&#8221;{}&#8221;]<\/p>\n<h4 style=\"line-height: 150%; text-align: justify;\"><span style=\"color: #000000;\" tras=\"\" el=\"\" triunfo=\"\" de=\"\" la=\"\" revoluci=\"\" n=\"\" abandon=\"\" carrera=\"\" militar=\"\" para=\"\" dedicarse=\"\" a=\"\" literatura=\"\" y=\"\" docencia=\"\" imparti=\"\" clases=\"\" en=\"\" escuela=\"\" normal=\"\" veracruzana=\"\" nacional=\"\" maestros=\"\" superior=\"\" universidad=\"\" obrera=\"\" dirigi=\"\" liga=\"\" escritores=\"\" artistas=\"\" revolucionarios=\"\" sociedad=\"\" amigos=\"\" urss=\"\" instituto=\"\" cultural=\"\" mexicano-ruso=\"\" colabor=\"\" numerosos=\"\" peri=\"\" dicos=\"\" entre=\"\" otros=\"\" dictamen=\"\" voz=\"\" del=\"\" campesino=\"\" revista=\"\" ruta=\"\" span=\"\">Va ser un escriptor, historiador i pol\u00edtic mexic\u00e0. Jos\u00e9 Mancisidor \u00e9s conegut com l\u2019escriptor de la revoluci\u00f3 mexicana. Hi va participar i va arribar al grau de tinent coronel de l\u2019ex\u00e8rcit constitucionalista.  <\/span><\/h4>\n<h4 style=\"line-height: 150%; text-align: justify;\"><span style=\"color: #000000;\">La revoluci\u00f3 \u00e9s present en la seua obra. Dotze novel\u00b7les escrites entre 1931 i 1956, a m\u00e9s de la <em>Historia de la Revoluci\u00f3n Mexicana<\/em> (1957). La seua novel\u00b7la m\u00e9s significativa \u00e9s <em>Frontera junto al mar<\/em> (1953) sobre la defensa de Veracruz davant la invasi\u00f3 nord-americana i la vida dels pescadors.  <\/span><\/h4>\n<h4 style=\"line-height: 150%; text-align: justify;\"><span style=\"color: #000000;\">El juliol de 1937 va formar part de la delegaci\u00f3 mexicana que acudix al II CIEDC i interv\u00e9 en la sessi\u00f3 inaugural del dia 4 a Val\u00e8ncia i en la sessi\u00f3 del dia 11 a Barcelona. De la seua experi\u00e8ncia espanyola va publicar el 1938 <em>De una madre espa\u00f1ola<\/em>. <\/span><\/h4>\n<p>[\/et_pb_text][\/et_pb_column][et_pb_column type=&#8221;1_5&#8243; _builder_version=&#8221;4.27.4&#8243; _module_preset=&#8221;default&#8221; global_colors_info=&#8221;{}&#8221;][\/et_pb_column][\/et_pb_row][\/et_pb_section][et_pb_section fb_built=&#8221;1&#8243; _builder_version=&#8221;4.27.4&#8243; _module_preset=&#8221;default&#8221; background_color=&#8221;#000000&#8243; global_colors_info=&#8221;{}&#8221;][et_pb_row _builder_version=&#8221;4.27.4&#8243; _module_preset=&#8221;default&#8221; global_colors_info=&#8221;{}&#8221;][et_pb_column type=&#8221;4_4&#8243; _builder_version=&#8221;4.27.4&#8243; _module_preset=&#8221;default&#8221; global_colors_info=&#8221;{}&#8221;][et_pb_gallery gallery_ids=&#8221;5635,5844&#8243; fullwidth=&#8221;on&#8221; _builder_version=&#8221;4.27.4&#8243; _module_preset=&#8221;default&#8221; global_colors_info=&#8221;{}&#8221;][\/et_pb_gallery][\/et_pb_column][\/et_pb_row][\/et_pb_section]<\/p>\n","protected":false},"excerpt":{"rendered":"<p>20 d\u2019abril de 1894, Veracruz &#8211; 22 d\u2019agost de 1956, Monterrey (M\u00e8xic)Va ser un escriptor, historiador i pol\u00edtic mexic\u00e0. Jos\u00e9 Mancisidor \u00e9s conegut com l\u2019escriptor de la revoluci\u00f3 mexicana. Hi va participar i va arribar al grau de tinent coronel de l\u2019ex\u00e8rcit constitucionalista. La revoluci\u00f3 \u00e9s present en la seua obra. Dotze novel\u00b7les escrites entre [&hellip;]<\/p>\n","protected":false},"author":1,"featured_media":5396,"comment_status":"open","ping_status":"closed","template":"","meta":{"_et_pb_use_builder":"on","_et_pb_old_content":"","_et_gb_content_width":"","footnotes":""},"project_category":[58],"project_tag":[],"class_list":["post-6101","project","type-project","status-publish","has-post-thumbnail","hentry","project_category-mexic"],"_links":{"self":[{"href":"https:\/\/congresodeescritores1937.dival.es\/vlca\/wp-json\/wp\/v2\/project\/6101","targetHints":{"allow":["GET"]}}],"collection":[{"href":"https:\/\/congresodeescritores1937.dival.es\/vlca\/wp-json\/wp\/v2\/project"}],"about":[{"href":"https:\/\/congresodeescritores1937.dival.es\/vlca\/wp-json\/wp\/v2\/types\/project"}],"author":[{"embeddable":true,"href":"https:\/\/congresodeescritores1937.dival.es\/vlca\/wp-json\/wp\/v2\/users\/1"}],"replies":[{"embeddable":true,"href":"https:\/\/congresodeescritores1937.dival.es\/vlca\/wp-json\/wp\/v2\/comments?post=6101"}],"version-history":[{"count":3,"href":"https:\/\/congresodeescritores1937.dival.es\/vlca\/wp-json\/wp\/v2\/project\/6101\/revisions"}],"predecessor-version":[{"id":6104,"href":"https:\/\/congresodeescritores1937.dival.es\/vlca\/wp-json\/wp\/v2\/project\/6101\/revisions\/6104"}],"wp:featuredmedia":[{"embeddable":true,"href":"https:\/\/congresodeescritores1937.dival.es\/vlca\/wp-json\/wp\/v2\/media\/5396"}],"wp:attachment":[{"href":"https:\/\/congresodeescritores1937.dival.es\/vlca\/wp-json\/wp\/v2\/media?parent=6101"}],"wp:term":[{"taxonomy":"project_category","embeddable":true,"href":"https:\/\/congresodeescritores1937.dival.es\/vlca\/wp-json\/wp\/v2\/project_category?post=6101"},{"taxonomy":"project_tag","embeddable":true,"href":"https:\/\/congresodeescritores1937.dival.es\/vlca\/wp-json\/wp\/v2\/project_tag?post=6101"}],"curies":[{"name":"wp","href":"https:\/\/api.w.org\/{rel}","templated":true}]}}

José Mancisidor

<p>[et_pb_section fb_built=&#8221;1&#8243; _builder_version=&#8221;4.27.4&#8243; _module_preset=&#8221;default&#8221; background_color=&#8221;#000000&#8243; global_colors_info=&#8221;{}&#8221;][et_pb_row column_structure=&#8221;2_5,3_5&#8243; _builder_version=&#8221;4.27.4&#8243; _module_preset=&#8221;default&#8221; global_colors_info=&#8221;{}&#8221;][et_pb_column type=&#8221;2_5&#8243; _builder_version=&#8221;4.27.4&#8243; _module_preset=&#8221;default&#8221; global_colors_info=&#8221;{}&#8221;][et_pb_image src=&#8221;https://congresodeescritores1937.dival.es/wp-content/uploads/2025/01/Jose-Mancisidor.jpg&#8221; title_text=&#8221;Jose-Mancisidor&#8221; align=&#8221;center&#8221; _builder_version=&#8221;4.27.4&#8243; _module_preset=&#8221;default&#8221; border_radii=&#8221;on|100%|100%|100%|100%&#8221; border_width_all=&#8221;3px&#8221; border_color_all=&#8221;#FFFFFF&#8221; global_colors_info=&#8221;{}&#8221;][/et_pb_image][/et_pb_column][et_pb_column type=&#8221;3_5&#8243; _builder_version=&#8221;4.27.4&#8243; _module_preset=&#8221;default&#8221; global_colors_info=&#8221;{}&#8221;][et_pb_divider color=&#8221;#000000&#8243; _builder_version=&#8221;4.27.4&#8243; _module_preset=&#8221;default&#8221; global_colors_info=&#8221;{}&#8221;][/et_pb_divider][et_pb_divider color=&#8221;#000000&#8243; _builder_version=&#8221;4.27.4&#8243; _module_preset=&#8221;default&#8221; global_colors_info=&#8221;{}&#8221;][/et_pb_divider][et_pb_heading title=&#8221;Jose Mancisidor&#8221; _builder_version=&#8221;4.27.4&#8243; _module_preset=&#8221;default&#8221; title_font=&#8221;Ubuntu Condensed|700|||||||&#8221; title_text_align=&#8221;left&#8221; title_text_color=&#8221;#FFFFFF&#8221; title_font_size=&#8221;50px&#8221; global_colors_info=&#8221;{}&#8221;][/et_pb_heading][et_pb_text _builder_version=&#8221;4.27.4&#8243; _module_preset=&#8221;default&#8221; text_font=&#8221;|300|||||||&#8221; text_text_color=&#8221;#FFFFFF&#8221; global_colors_info=&#8221;{}&#8221;]</p>
<h5 style="line-height: 150%; text-align: justify;"><span style="font-weight: 400; color: #ffffff;">20 d’abril de 1894, Veracruz &#8211; 22 d’agost de 1956, Monterrey (Mèxic)</span></h5>
<p>[/et_pb_text][/et_pb_column][/et_pb_row][/et_pb_section][et_pb_section fb_built=&#8221;1&#8243; _builder_version=&#8221;4.27.4&#8243; _module_preset=&#8221;default&#8221; global_colors_info=&#8221;{}&#8221;][et_pb_row column_structure=&#8221;1_5,3_5,1_5&#8243; _builder_version=&#8221;4.27.4&#8243; _module_preset=&#8221;default&#8221; global_colors_info=&#8221;{}&#8221;][et_pb_column type=&#8221;1_5&#8243; _builder_version=&#8221;4.27.4&#8243; _module_preset=&#8221;default&#8221; global_colors_info=&#8221;{}&#8221;][/et_pb_column][et_pb_column type=&#8221;3_5&#8243; _builder_version=&#8221;4.27.4&#8243; _module_preset=&#8221;default&#8221; global_colors_info=&#8221;{}&#8221;][et_pb_text _builder_version=&#8221;4.27.4&#8243; _module_preset=&#8221;default&#8221; global_colors_info=&#8221;{}&#8221;]</p>
<h4 style="line-height: 150%; text-align: justify;"><span style="color: #000000;" tras="" el="" triunfo="" de="" la="" revoluci="" n="" abandon="" carrera="" militar="" para="" dedicarse="" a="" literatura="" y="" docencia="" imparti="" clases="" en="" escuela="" normal="" veracruzana="" nacional="" maestros="" superior="" universidad="" obrera="" dirigi="" liga="" escritores="" artistas="" revolucionarios="" sociedad="" amigos="" urss="" instituto="" cultural="" mexicano-ruso="" colabor="" numerosos="" peri="" dicos="" entre="" otros="" dictamen="" voz="" del="" campesino="" revista="" ruta="" span="">Va ser un escriptor, historiador i polític mexicà. José Mancisidor és conegut com l’escriptor de la revolució mexicana. Hi va participar i va arribar al grau de tinent coronel de l’exèrcit constitucionalista.  </span></h4>
<h4 style="line-height: 150%; text-align: justify;"><span style="color: #000000;">La revolució és present en la seua obra. Dotze novel·les escrites entre 1931 i 1956, a més de la <em>Historia de la Revolución Mexicana</em> (1957). La seua novel·la més significativa és <em>Frontera junto al mar</em> (1953) sobre la defensa de Veracruz davant la invasió nord-americana i la vida dels pescadors.  </span></h4>
<h4 style="line-height: 150%; text-align: justify;"><span style="color: #000000;">El juliol de 1937 va formar part de la delegació mexicana que acudix al II CIEDC i intervé en la sessió inaugural del dia 4 a València i en la sessió del dia 11 a Barcelona. De la seua experiència espanyola va publicar el 1938 <em>De una madre española</em>. </span></h4>
<p>[/et_pb_text][/et_pb_column][et_pb_column type=&#8221;1_5&#8243; _builder_version=&#8221;4.27.4&#8243; _module_preset=&#8221;default&#8221; global_colors_info=&#8221;{}&#8221;][/et_pb_column][/et_pb_row][/et_pb_section][et_pb_section fb_built=&#8221;1&#8243; _builder_version=&#8221;4.27.4&#8243; _module_preset=&#8221;default&#8221; background_color=&#8221;#000000&#8243; global_colors_info=&#8221;{}&#8221;][et_pb_row _builder_version=&#8221;4.27.4&#8243; _module_preset=&#8221;default&#8221; global_colors_info=&#8221;{}&#8221;][et_pb_column type=&#8221;4_4&#8243; _builder_version=&#8221;4.27.4&#8243; _module_preset=&#8221;default&#8221; global_colors_info=&#8221;{}&#8221;][et_pb_gallery gallery_ids=&#8221;5635,5844&#8243; fullwidth=&#8221;on&#8221; _builder_version=&#8221;4.27.4&#8243; _module_preset=&#8221;default&#8221; global_colors_info=&#8221;{}&#8221;][/et_pb_gallery][/et_pb_column][/et_pb_row][/et_pb_section]</p>

<p>20 d’abril de 1894, Veracruz &#8211; 22 d’agost de 1956, Monterrey (Mèxic)Va ser un escriptor, historiador i polític mexicà. José Mancisidor és conegut com l’escriptor de la revolució mexicana. Hi va participar i va arribar al grau de tinent coronel de l’exèrcit constitucionalista. La revolució és present en la seua obra. Dotze novel·les escrites entre [&hellip;]</p>
