{"id":6161,"date":"2025-01-27T14:10:17","date_gmt":"2025-01-27T14:10:17","guid":{"rendered":"https:\/\/congresodeescritores1937.dival.es\/project\/alexei-tolstoi\/"},"modified":"2025-06-08T14:04:18","modified_gmt":"2025-06-08T14:04:18","slug":"alexei-tolstoi","status":"publish","type":"project","link":"https:\/\/congresodeescritores1937.dival.es\/vlca\/project\/alexei-tolstoi\/","title":{"rendered":"Alexei Tolstoi"},"content":{"rendered":"<p>[et_pb_section fb_built=&#8221;1&#8243; _builder_version=&#8221;4.27.4&#8243; _module_preset=&#8221;default&#8221; background_color=&#8221;#000000&#8243; global_colors_info=&#8221;{}&#8221;][et_pb_row column_structure=&#8221;2_5,3_5&#8243; _builder_version=&#8221;4.27.4&#8243; _module_preset=&#8221;default&#8221; global_colors_info=&#8221;{}&#8221;][et_pb_column type=&#8221;2_5&#8243; _builder_version=&#8221;4.27.4&#8243; _module_preset=&#8221;default&#8221; global_colors_info=&#8221;{}&#8221;][et_pb_image src=&#8221;https:\/\/congresodeescritores1937.dival.es\/wp-content\/uploads\/2025\/01\/Alexei-Tolstoi-ficha.jpg&#8221; title_text=&#8221;Alexei-Tolstoi fitxa&#8221; align=&#8221;center&#8221; _builder_version=&#8221;4.27.4&#8243; _module_preset=&#8221;default&#8221; hover_enabled=&#8221;0&#8243; border_radii=&#8221;on|100%|100%|100%|100%&#8221; border_width_all=&#8221;3px&#8221; border_color_all=&#8221;#FFFFFF&#8221; global_colors_info=&#8221;{}&#8221; sticky_enabled=&#8221;0&#8243;][\/et_pb_image][\/et_pb_column][et_pb_column type=&#8221;3_5&#8243; _builder_version=&#8221;4.27.4&#8243; _module_preset=&#8221;default&#8221; global_colors_info=&#8221;{}&#8221;][et_pb_divider color=&#8221;#000000&#8243; _builder_version=&#8221;4.27.4&#8243; _module_preset=&#8221;default&#8221; global_colors_info=&#8221;{}&#8221;][\/et_pb_divider][et_pb_divider color=&#8221;#000000&#8243; _builder_version=&#8221;4.27.4&#8243; _module_preset=&#8221;default&#8221; global_colors_info=&#8221;{}&#8221;][\/et_pb_divider][et_pb_heading title=&#8221;Alexei Tolstoi&#8221; _builder_version=&#8221;4.27.4&#8243; _module_preset=&#8221;default&#8221; title_font=&#8221;Ubuntu Condensed|700|||||||&#8221; title_text_align=&#8221;left&#8221; title_text_color=&#8221;#FFFFFF&#8221; title_font_size=&#8221;50px&#8221; global_colors_info=&#8221;{}&#8221;][\/et_pb_heading][et_pb_text _builder_version=&#8221;4.27.4&#8243; _module_preset=&#8221;default&#8221; text_font=&#8221;|300|||||||&#8221; text_text_color=&#8221;#FFFFFF&#8221; global_colors_info=&#8221;{}&#8221;]<\/p>\n<h5 style=\"line-height: 150%; text-align: justify;\"><span style=\"font-weight: 400; color: #ffffff;\">10 de gener de 1883, Nikol\u00e0ievsk (R\u00fassia) &#8211; 23 de febrer de 1945, Moscou<\/span><\/h5>\n<p>[\/et_pb_text][\/et_pb_column][\/et_pb_row][\/et_pb_section][et_pb_section fb_built=&#8221;1&#8243; _builder_version=&#8221;4.27.4&#8243; _module_preset=&#8221;default&#8221; global_colors_info=&#8221;{}&#8221;][et_pb_row column_structure=&#8221;1_5,3_5,1_5&#8243; _builder_version=&#8221;4.27.4&#8243; _module_preset=&#8221;default&#8221; global_colors_info=&#8221;{}&#8221;][et_pb_column type=&#8221;1_5&#8243; _builder_version=&#8221;4.27.4&#8243; _module_preset=&#8221;default&#8221; global_colors_info=&#8221;{}&#8221;][\/et_pb_column][et_pb_column type=&#8221;3_5&#8243; _builder_version=&#8221;4.27.4&#8243; _module_preset=&#8221;default&#8221; global_colors_info=&#8221;{}&#8221;][et_pb_text _builder_version=&#8221;4.27.4&#8243; _module_preset=&#8221;default&#8221; global_colors_info=&#8221;{}&#8221;]<\/p>\n<h4 style=\"line-height: 150%; text-align: justify;\"><span style=\"color: #000000;\">Aleksei Nikol\u00e0ievitx Tolstoi va ser un prol\u00edfic escriptor rus, conegut per les seues novel\u00b7les hist\u00f2riques i de ci\u00e8ncia-ficci\u00f3. Provenia d\u2019una fam\u00edlia noble i va ser educat en l\u2019Institut Tecnol\u00f2gic de Sant Petersburg. Estava emparentat amb l\u2019escriptor del segle XIX, Lev Tolstoi.  <\/span><\/h4>\n<h4 style=\"line-height: 150%; text-align: justify;\"><span style=\"color: #000000;\">Va comen\u00e7ar la seua carrera liter\u00e0ria amb relats curts i novel\u00b7les, i va treballar com a corresponsal de guerra durant la Primera Guerra Mundial. En els seus primers anys, va escriure poesia simbolista, per\u00f2 despr\u00e9s es va centrar en la prosa. La seua obra m\u00e9s coneguda \u00e9s la trilog\u00eda <em>Peregrinaci\u00f3n por los caminos del dolor<\/em> (1921-1941), que aborda els canvis socials a R\u00fassia despr\u00e9s de la Revoluci\u00f3 de 1917.   <\/span><\/h4>\n<h4 style=\"line-height: 150%; text-align: justify;\"><span style=\"color: #000000;\">Encara que inicialment es va oposar a la Revoluci\u00f3 Russsa, va tornar a la Uni\u00f3 Sovi\u00e8tica el 1923 i es va sumar al nou estat sovi\u00e8tic.<\/span><\/h4>\n<h4 style=\"line-height: 150%; text-align: justify;\"><span style=\"color: #000000;\">El 1937 va participar en el II CIEDC i va dedicar una part del seu discurs del 4 de juliol a Val\u00e8ncia a atacar el trotskisme.<\/span><\/h4>\n<h4 style=\"line-height: 150%; text-align: justify;\"><span style=\"color: #000000;\" acad=\"\" mico=\"\" desde=\"\" fue=\"\" laureado=\"\" con=\"\" diversos=\"\" e=\"\" importantes=\"\" premios=\"\" y=\"\" figura=\"\" entre=\"\" los=\"\" mejores=\"\" prosistas=\"\" rusos=\"\" del=\"\" siglo=\"\" xx=\"\" durante=\"\" la=\"\" ii=\"\" guerra=\"\" mundial=\"\" se=\"\" dedic=\"\" a=\"\" documentar=\"\" cr=\"\" menes=\"\" masivos=\"\" realizados=\"\" por=\"\" nazis=\"\" en=\"\" suelo=\"\" sovi=\"\" tico=\"\" span=\"\"><\/span><\/h4>\n<p>[\/et_pb_text][\/et_pb_column][et_pb_column type=&#8221;1_5&#8243; _builder_version=&#8221;4.27.4&#8243; _module_preset=&#8221;default&#8221; global_colors_info=&#8221;{}&#8221;][\/et_pb_column][\/et_pb_row][\/et_pb_section][et_pb_section fb_built=&#8221;1&#8243; _builder_version=&#8221;4.27.4&#8243; _module_preset=&#8221;default&#8221; background_color=&#8221;#000000&#8243; global_colors_info=&#8221;{}&#8221;][et_pb_row _builder_version=&#8221;4.27.4&#8243; _module_preset=&#8221;default&#8221; global_colors_info=&#8221;{}&#8221;][et_pb_column type=&#8221;4_4&#8243; _builder_version=&#8221;4.27.4&#8243; _module_preset=&#8221;default&#8221; global_colors_info=&#8221;{}&#8221;][et_pb_gallery gallery_ids=&#8221;5663,5662&#8243; fullwidth=&#8221;on&#8221; _builder_version=&#8221;4.27.4&#8243; _module_preset=&#8221;default&#8221; global_colors_info=&#8221;{}&#8221;][\/et_pb_gallery][\/et_pb_column][\/et_pb_row][\/et_pb_section]<\/p>\n","protected":false},"excerpt":{"rendered":"<p>10 de gener de 1883, Nikol\u00e0ievsk (R\u00fassia) &#8211; 23 de febrer de 1945, MoscouAleksei Nikol\u00e0ievitx Tolstoi va ser un prol\u00edfic escriptor rus, conegut per les seues novel\u00b7les hist\u00f2riques i de ci\u00e8ncia-ficci\u00f3. Provenia d\u2019una fam\u00edlia noble i va ser educat en l\u2019Institut Tecnol\u00f2gic de Sant Petersburg. Estava emparentat amb l\u2019escriptor del segle XIX, Lev Tolstoi. Va [&hellip;]<\/p>\n","protected":false},"author":1,"featured_media":5378,"comment_status":"open","ping_status":"closed","template":"","meta":{"_et_pb_use_builder":"on","_et_pb_old_content":"","_et_gb_content_width":"","footnotes":""},"project_category":[56],"project_tag":[],"class_list":["post-6161","project","type-project","status-publish","has-post-thumbnail","hentry","project_category-urss-vlca"],"_links":{"self":[{"href":"https:\/\/congresodeescritores1937.dival.es\/vlca\/wp-json\/wp\/v2\/project\/6161","targetHints":{"allow":["GET"]}}],"collection":[{"href":"https:\/\/congresodeescritores1937.dival.es\/vlca\/wp-json\/wp\/v2\/project"}],"about":[{"href":"https:\/\/congresodeescritores1937.dival.es\/vlca\/wp-json\/wp\/v2\/types\/project"}],"author":[{"embeddable":true,"href":"https:\/\/congresodeescritores1937.dival.es\/vlca\/wp-json\/wp\/v2\/users\/1"}],"replies":[{"embeddable":true,"href":"https:\/\/congresodeescritores1937.dival.es\/vlca\/wp-json\/wp\/v2\/comments?post=6161"}],"version-history":[{"count":3,"href":"https:\/\/congresodeescritores1937.dival.es\/vlca\/wp-json\/wp\/v2\/project\/6161\/revisions"}],"predecessor-version":[{"id":6164,"href":"https:\/\/congresodeescritores1937.dival.es\/vlca\/wp-json\/wp\/v2\/project\/6161\/revisions\/6164"}],"wp:featuredmedia":[{"embeddable":true,"href":"https:\/\/congresodeescritores1937.dival.es\/vlca\/wp-json\/wp\/v2\/media\/5378"}],"wp:attachment":[{"href":"https:\/\/congresodeescritores1937.dival.es\/vlca\/wp-json\/wp\/v2\/media?parent=6161"}],"wp:term":[{"taxonomy":"project_category","embeddable":true,"href":"https:\/\/congresodeescritores1937.dival.es\/vlca\/wp-json\/wp\/v2\/project_category?post=6161"},{"taxonomy":"project_tag","embeddable":true,"href":"https:\/\/congresodeescritores1937.dival.es\/vlca\/wp-json\/wp\/v2\/project_tag?post=6161"}],"curies":[{"name":"wp","href":"https:\/\/api.w.org\/{rel}","templated":true}]}}

<p>[et_pb_section fb_built=&#8221;1&#8243; _builder_version=&#8221;4.27.4&#8243; _module_preset=&#8221;default&#8221; background_color=&#8221;#000000&#8243; global_colors_info=&#8221;{}&#8221;][et_pb_row column_structure=&#8221;2_5,3_5&#8243; _builder_version=&#8221;4.27.4&#8243; _module_preset=&#8221;default&#8221; global_colors_info=&#8221;{}&#8221;][et_pb_column type=&#8221;2_5&#8243; _builder_version=&#8221;4.27.4&#8243; _module_preset=&#8221;default&#8221; global_colors_info=&#8221;{}&#8221;][et_pb_image src=&#8221;https://congresodeescritores1937.dival.es/wp-content/uploads/2025/01/Alexei-Tolstoi-ficha.jpg&#8221; title_text=&#8221;Alexei-Tolstoi fitxa&#8221; align=&#8221;center&#8221; _builder_version=&#8221;4.27.4&#8243; _module_preset=&#8221;default&#8221; hover_enabled=&#8221;0&#8243; border_radii=&#8221;on|100%|100%|100%|100%&#8221; border_width_all=&#8221;3px&#8221; border_color_all=&#8221;#FFFFFF&#8221; global_colors_info=&#8221;{}&#8221; sticky_enabled=&#8221;0&#8243;][/et_pb_image][/et_pb_column][et_pb_column type=&#8221;3_5&#8243; _builder_version=&#8221;4.27.4&#8243; _module_preset=&#8221;default&#8221; global_colors_info=&#8221;{}&#8221;][et_pb_divider color=&#8221;#000000&#8243; _builder_version=&#8221;4.27.4&#8243; _module_preset=&#8221;default&#8221; global_colors_info=&#8221;{}&#8221;][/et_pb_divider][et_pb_divider color=&#8221;#000000&#8243; _builder_version=&#8221;4.27.4&#8243; _module_preset=&#8221;default&#8221; global_colors_info=&#8221;{}&#8221;][/et_pb_divider][et_pb_heading title=&#8221;Alexei Tolstoi&#8221; _builder_version=&#8221;4.27.4&#8243; _module_preset=&#8221;default&#8221; title_font=&#8221;Ubuntu Condensed|700|||||||&#8221; title_text_align=&#8221;left&#8221; title_text_color=&#8221;#FFFFFF&#8221; title_font_size=&#8221;50px&#8221; global_colors_info=&#8221;{}&#8221;][/et_pb_heading][et_pb_text _builder_version=&#8221;4.27.4&#8243; _module_preset=&#8221;default&#8221; text_font=&#8221;|300|||||||&#8221; text_text_color=&#8221;#FFFFFF&#8221; global_colors_info=&#8221;{}&#8221;]</p>
<h5 style="line-height: 150%; text-align: justify;"><span style="font-weight: 400; color: #ffffff;">10 de gener de 1883, Nikolàievsk (Rússia) &#8211; 23 de febrer de 1945, Moscou</span></h5>
<p>[/et_pb_text][/et_pb_column][/et_pb_row][/et_pb_section][et_pb_section fb_built=&#8221;1&#8243; _builder_version=&#8221;4.27.4&#8243; _module_preset=&#8221;default&#8221; global_colors_info=&#8221;{}&#8221;][et_pb_row column_structure=&#8221;1_5,3_5,1_5&#8243; _builder_version=&#8221;4.27.4&#8243; _module_preset=&#8221;default&#8221; global_colors_info=&#8221;{}&#8221;][et_pb_column type=&#8221;1_5&#8243; _builder_version=&#8221;4.27.4&#8243; _module_preset=&#8221;default&#8221; global_colors_info=&#8221;{}&#8221;][/et_pb_column][et_pb_column type=&#8221;3_5&#8243; _builder_version=&#8221;4.27.4&#8243; _module_preset=&#8221;default&#8221; global_colors_info=&#8221;{}&#8221;][et_pb_text _builder_version=&#8221;4.27.4&#8243; _module_preset=&#8221;default&#8221; global_colors_info=&#8221;{}&#8221;]</p>
<h4 style="line-height: 150%; text-align: justify;"><span style="color: #000000;">Aleksei Nikolàievitx Tolstoi va ser un prolífic escriptor rus, conegut per les seues novel·les històriques i de ciència-ficció. Provenia d’una família noble i va ser educat en l’Institut Tecnològic de Sant Petersburg. Estava emparentat amb l’escriptor del segle XIX, Lev Tolstoi.  </span></h4>
<h4 style="line-height: 150%; text-align: justify;"><span style="color: #000000;">Va començar la seua carrera literària amb relats curts i novel·les, i va treballar com a corresponsal de guerra durant la Primera Guerra Mundial. En els seus primers anys, va escriure poesia simbolista, però després es va centrar en la prosa. La seua obra més coneguda és la trilogía <em>Peregrinación por los caminos del dolor</em> (1921-1941), que aborda els canvis socials a Rússia després de la Revolució de 1917.   </span></h4>
<h4 style="line-height: 150%; text-align: justify;"><span style="color: #000000;">Encara que inicialment es va oposar a la Revolució Russsa, va tornar a la Unió Soviètica el 1923 i es va sumar al nou estat soviètic.</span></h4>
<h4 style="line-height: 150%; text-align: justify;"><span style="color: #000000;">El 1937 va participar en el II CIEDC i va dedicar una part del seu discurs del 4 de juliol a València a atacar el trotskisme.</span></h4>
<h4 style="line-height: 150%; text-align: justify;"><span style="color: #000000;" acad="" mico="" desde="" fue="" laureado="" con="" diversos="" e="" importantes="" premios="" y="" figura="" entre="" los="" mejores="" prosistas="" rusos="" del="" siglo="" xx="" durante="" la="" ii="" guerra="" mundial="" se="" dedic="" a="" documentar="" cr="" menes="" masivos="" realizados="" por="" nazis="" en="" suelo="" sovi="" tico="" span=""></span></h4>
<p>[/et_pb_text][/et_pb_column][et_pb_column type=&#8221;1_5&#8243; _builder_version=&#8221;4.27.4&#8243; _module_preset=&#8221;default&#8221; global_colors_info=&#8221;{}&#8221;][/et_pb_column][/et_pb_row][/et_pb_section][et_pb_section fb_built=&#8221;1&#8243; _builder_version=&#8221;4.27.4&#8243; _module_preset=&#8221;default&#8221; background_color=&#8221;#000000&#8243; global_colors_info=&#8221;{}&#8221;][et_pb_row _builder_version=&#8221;4.27.4&#8243; _module_preset=&#8221;default&#8221; global_colors_info=&#8221;{}&#8221;][et_pb_column type=&#8221;4_4&#8243; _builder_version=&#8221;4.27.4&#8243; _module_preset=&#8221;default&#8221; global_colors_info=&#8221;{}&#8221;][et_pb_gallery gallery_ids=&#8221;5663,5662&#8243; fullwidth=&#8221;on&#8221; _builder_version=&#8221;4.27.4&#8243; _module_preset=&#8221;default&#8221; global_colors_info=&#8221;{}&#8221;][/et_pb_gallery][/et_pb_column][/et_pb_row][/et_pb_section]</p>

<p>10 de gener de 1883, Nikolàievsk (Rússia) &#8211; 23 de febrer de 1945, MoscouAleksei Nikolàievitx Tolstoi va ser un prolífic escriptor rus, conegut per les seues novel·les històriques i de ciència-ficció. Provenia d’una família noble i va ser educat en l’Institut Tecnològic de Sant Petersburg. Estava emparentat amb l’escriptor del segle XIX, Lev Tolstoi. Va [&hellip;]</p>
