{"id":6185,"date":"2025-01-27T11:57:11","date_gmt":"2025-01-27T11:57:11","guid":{"rendered":"https:\/\/congresodeescritores1937.dival.es\/project\/jaime-zuzarte-cortecao\/"},"modified":"2025-06-08T14:36:29","modified_gmt":"2025-06-08T14:36:29","slug":"jaime-zuzarte-cortecao","status":"publish","type":"project","link":"https:\/\/congresodeescritores1937.dival.es\/vlca\/project\/jaime-zuzarte-cortecao\/","title":{"rendered":"Jaime Zuzarte Corte\u00e7ao"},"content":{"rendered":"<p>[et_pb_section fb_built=&#8221;1&#8243; _builder_version=&#8221;4.27.4&#8243; _module_preset=&#8221;default&#8221; background_color=&#8221;#000000&#8243; global_colors_info=&#8221;{}&#8221;][et_pb_row column_structure=&#8221;2_5,3_5&#8243; _builder_version=&#8221;4.27.4&#8243; _module_preset=&#8221;default&#8221; global_colors_info=&#8221;{}&#8221;][et_pb_column type=&#8221;2_5&#8243; _builder_version=&#8221;4.27.4&#8243; _module_preset=&#8221;default&#8221; global_colors_info=&#8221;{}&#8221;][et_pb_image src=&#8221;https:\/\/congresodeescritores1937.dival.es\/wp-content\/uploads\/2025\/01\/Jaime-Zuzarte-Cortesao-ficha.jpg&#8221; title_text=&#8221;Jaime-Zuzarte-Cortesao fitxa&#8221; align=&#8221;center&#8221; _builder_version=&#8221;4.27.4&#8243; _module_preset=&#8221;default&#8221; hover_enabled=&#8221;0&#8243; border_radii=&#8221;on|100%|100%|100%|100%&#8221; border_width_all=&#8221;3px&#8221; border_color_all=&#8221;#FFFFFF&#8221; global_colors_info=&#8221;{}&#8221; sticky_enabled=&#8221;0&#8243;][\/et_pb_image][\/et_pb_column][et_pb_column type=&#8221;3_5&#8243; _builder_version=&#8221;4.27.4&#8243; _module_preset=&#8221;default&#8221; global_colors_info=&#8221;{}&#8221;][et_pb_divider color=&#8221;#000000&#8243; _builder_version=&#8221;4.27.4&#8243; _module_preset=&#8221;default&#8221; global_colors_info=&#8221;{}&#8221;][\/et_pb_divider][et_pb_divider color=&#8221;#000000&#8243; _builder_version=&#8221;4.27.4&#8243; _module_preset=&#8221;default&#8221; global_colors_info=&#8221;{}&#8221;][\/et_pb_divider][et_pb_heading title=&#8221;Jaime Zuzarte Cortes\u00e3o&#8221; _builder_version=&#8221;4.27.4&#8243; _module_preset=&#8221;default&#8221; title_font=&#8221;Ubuntu Condensed|700|||||||&#8221; title_text_align=&#8221;left&#8221; title_text_color=&#8221;#FFFFFF&#8221; title_font_size=&#8221;50px&#8221; global_colors_info=&#8221;{}&#8221;][\/et_pb_heading][et_pb_text _builder_version=&#8221;4.27.4&#8243; _module_preset=&#8221;default&#8221; text_font=&#8221;|300|||||||&#8221; text_text_color=&#8221;#FFFFFF&#8221; global_colors_info=&#8221;{}&#8221;]<\/p>\n<h5 style=\"line-height: 150%;\"><span style=\"font-weight: 400; color: #ffffff;\">29 d\u2019abril de 1884, An\u00e7\u00e3 (Portugal) \u2013 14 d\u2019agost de 1960, Lisboa<\/span><\/h5>\n<p>[\/et_pb_text][\/et_pb_column][\/et_pb_row][\/et_pb_section][et_pb_section fb_built=&#8221;1&#8243; _builder_version=&#8221;4.27.4&#8243; _module_preset=&#8221;default&#8221; global_colors_info=&#8221;{}&#8221;][et_pb_row column_structure=&#8221;1_5,3_5,1_5&#8243; _builder_version=&#8221;4.27.4&#8243; _module_preset=&#8221;default&#8221; global_colors_info=&#8221;{}&#8221;][et_pb_column type=&#8221;1_5&#8243; _builder_version=&#8221;4.27.4&#8243; _module_preset=&#8221;default&#8221; global_colors_info=&#8221;{}&#8221;][\/et_pb_column][et_pb_column type=&#8221;3_5&#8243; _builder_version=&#8221;4.27.4&#8243; _module_preset=&#8221;default&#8221; global_colors_info=&#8221;{}&#8221;][et_pb_text _builder_version=&#8221;4.27.4&#8243; _module_preset=&#8221;default&#8221; global_colors_info=&#8221;{}&#8221;]<\/p>\n<h4 style=\"line-height: 150%; text-align: justify;\">Jaime Zuzarte Cortes\u00e3o va ser un destacat metge, pol\u00edtic, historiador i escriptor portugu\u00e9s. Va estudiar Medicina a la Universitat de Co\u00efmbra i es va graduar el 1909. <\/h4>\n<h4 style=\"line-height: 150%; text-align: justify;\">Cortes\u00e3o va ser un actiu defensor de la Primera Rep\u00fablica Portuguesa i va participar com a capit\u00e0 i metge en el Cos Expedicionari Portugu\u00e9s durant la Primera Guerra Mundial. El 1919, es va convertir en director de la Biblioteca Nacional de Lisboa. Durant la dictadura d\u2019Ant\u00f3nio de Oliveira Salazar, el van perseguir per les seues idees republicanes i francma\u00e7ones, la qual cosa el va dur a l\u2019exili a Espanya.  <\/h4>\n<h4 style=\"line-height: 150%; text-align: justify;\">El 1937 va participar en el II CIEDC, en qu\u00e8 va defendre el paral\u00b7lelisme entre els pobles espanyol i portugu\u00e9s. Amb la derrota de la Rep\u00fablica el 1939, es va instal\u00b7lar a Fran\u00e7a, d\u2019on va tornar a fugir i va tornar, esta vegada, a Portugal, quan el pa\u00eds va patir la invasi\u00f3 nazi. Detingut novament, es va exiliar, finalment, al Brasil, on va ser docent, periodista i orador, i on va destacar tamb\u00e9 com a investigador sobre la hist\u00f2ria de Portugal i la seua expansi\u00f3, i la hist\u00f2ria del Brasil.  <\/h4>\n<h4 style=\"line-height: 150%; text-align: justify;\">Va tornar a Portugal el 1957 i va continuar la seua tasca intel\u00b7lectual fins a la seua mort.<\/h4>\n<p>[\/et_pb_text][\/et_pb_column][et_pb_column type=&#8221;1_5&#8243; _builder_version=&#8221;4.27.4&#8243; _module_preset=&#8221;default&#8221; global_colors_info=&#8221;{}&#8221;][\/et_pb_column][\/et_pb_row][\/et_pb_section][et_pb_section fb_built=&#8221;1&#8243; _builder_version=&#8221;4.27.4&#8243; _module_preset=&#8221;default&#8221; background_color=&#8221;#000000&#8243; global_colors_info=&#8221;{}&#8221;][et_pb_row _builder_version=&#8221;4.27.4&#8243; _module_preset=&#8221;default&#8221; global_colors_info=&#8221;{}&#8221;][et_pb_column type=&#8221;4_4&#8243; _builder_version=&#8221;4.27.4&#8243; _module_preset=&#8221;default&#8221; global_colors_info=&#8221;{}&#8221;][et_pb_gallery gallery_ids=&#8221;5679,5680,5681&#8243; fullwidth=&#8221;on&#8221; _builder_version=&#8221;4.27.4&#8243; _module_preset=&#8221;default&#8221; global_colors_info=&#8221;{}&#8221;][\/et_pb_gallery][\/et_pb_column][\/et_pb_row][\/et_pb_section]<\/p>\n","protected":false},"excerpt":{"rendered":"<p>29 d\u2019abril de 1884, An\u00e7\u00e3 (Portugal) \u2013 14 d\u2019agost de 1960, LisboaJaime Zuzarte Cortes\u00e3o va ser un destacat metge, pol\u00edtic, historiador i escriptor portugu\u00e9s. Va estudiar Medicina a la Universitat de Co\u00efmbra i es va graduar el 1909. Cortes\u00e3o va ser un actiu defensor de la Primera Rep\u00fablica Portuguesa i va participar com a capit\u00e0 [&hellip;]<\/p>\n","protected":false},"author":1,"featured_media":5376,"comment_status":"open","ping_status":"closed","template":"","meta":{"_et_pb_use_builder":"on","_et_pb_old_content":"","_et_gb_content_width":"","footnotes":""},"project_category":[61],"project_tag":[],"class_list":["post-6185","project","type-project","status-publish","has-post-thumbnail","hentry","project_category-portugal-vlca"],"_links":{"self":[{"href":"https:\/\/congresodeescritores1937.dival.es\/vlca\/wp-json\/wp\/v2\/project\/6185","targetHints":{"allow":["GET"]}}],"collection":[{"href":"https:\/\/congresodeescritores1937.dival.es\/vlca\/wp-json\/wp\/v2\/project"}],"about":[{"href":"https:\/\/congresodeescritores1937.dival.es\/vlca\/wp-json\/wp\/v2\/types\/project"}],"author":[{"embeddable":true,"href":"https:\/\/congresodeescritores1937.dival.es\/vlca\/wp-json\/wp\/v2\/users\/1"}],"replies":[{"embeddable":true,"href":"https:\/\/congresodeescritores1937.dival.es\/vlca\/wp-json\/wp\/v2\/comments?post=6185"}],"version-history":[{"count":3,"href":"https:\/\/congresodeescritores1937.dival.es\/vlca\/wp-json\/wp\/v2\/project\/6185\/revisions"}],"predecessor-version":[{"id":6188,"href":"https:\/\/congresodeescritores1937.dival.es\/vlca\/wp-json\/wp\/v2\/project\/6185\/revisions\/6188"}],"wp:featuredmedia":[{"embeddable":true,"href":"https:\/\/congresodeescritores1937.dival.es\/vlca\/wp-json\/wp\/v2\/media\/5376"}],"wp:attachment":[{"href":"https:\/\/congresodeescritores1937.dival.es\/vlca\/wp-json\/wp\/v2\/media?parent=6185"}],"wp:term":[{"taxonomy":"project_category","embeddable":true,"href":"https:\/\/congresodeescritores1937.dival.es\/vlca\/wp-json\/wp\/v2\/project_category?post=6185"},{"taxonomy":"project_tag","embeddable":true,"href":"https:\/\/congresodeescritores1937.dival.es\/vlca\/wp-json\/wp\/v2\/project_tag?post=6185"}],"curies":[{"name":"wp","href":"https:\/\/api.w.org\/{rel}","templated":true}]}}

Jaime Zuzarte Corteçao

<p>[et_pb_section fb_built=&#8221;1&#8243; _builder_version=&#8221;4.27.4&#8243; _module_preset=&#8221;default&#8221; background_color=&#8221;#000000&#8243; global_colors_info=&#8221;{}&#8221;][et_pb_row column_structure=&#8221;2_5,3_5&#8243; _builder_version=&#8221;4.27.4&#8243; _module_preset=&#8221;default&#8221; global_colors_info=&#8221;{}&#8221;][et_pb_column type=&#8221;2_5&#8243; _builder_version=&#8221;4.27.4&#8243; _module_preset=&#8221;default&#8221; global_colors_info=&#8221;{}&#8221;][et_pb_image src=&#8221;https://congresodeescritores1937.dival.es/wp-content/uploads/2025/01/Jaime-Zuzarte-Cortesao-ficha.jpg&#8221; title_text=&#8221;Jaime-Zuzarte-Cortesao fitxa&#8221; align=&#8221;center&#8221; _builder_version=&#8221;4.27.4&#8243; _module_preset=&#8221;default&#8221; hover_enabled=&#8221;0&#8243; border_radii=&#8221;on|100%|100%|100%|100%&#8221; border_width_all=&#8221;3px&#8221; border_color_all=&#8221;#FFFFFF&#8221; global_colors_info=&#8221;{}&#8221; sticky_enabled=&#8221;0&#8243;][/et_pb_image][/et_pb_column][et_pb_column type=&#8221;3_5&#8243; _builder_version=&#8221;4.27.4&#8243; _module_preset=&#8221;default&#8221; global_colors_info=&#8221;{}&#8221;][et_pb_divider color=&#8221;#000000&#8243; _builder_version=&#8221;4.27.4&#8243; _module_preset=&#8221;default&#8221; global_colors_info=&#8221;{}&#8221;][/et_pb_divider][et_pb_divider color=&#8221;#000000&#8243; _builder_version=&#8221;4.27.4&#8243; _module_preset=&#8221;default&#8221; global_colors_info=&#8221;{}&#8221;][/et_pb_divider][et_pb_heading title=&#8221;Jaime Zuzarte Cortesão&#8221; _builder_version=&#8221;4.27.4&#8243; _module_preset=&#8221;default&#8221; title_font=&#8221;Ubuntu Condensed|700|||||||&#8221; title_text_align=&#8221;left&#8221; title_text_color=&#8221;#FFFFFF&#8221; title_font_size=&#8221;50px&#8221; global_colors_info=&#8221;{}&#8221;][/et_pb_heading][et_pb_text _builder_version=&#8221;4.27.4&#8243; _module_preset=&#8221;default&#8221; text_font=&#8221;|300|||||||&#8221; text_text_color=&#8221;#FFFFFF&#8221; global_colors_info=&#8221;{}&#8221;]</p>
<h5 style="line-height: 150%;"><span style="font-weight: 400; color: #ffffff;">29 d’abril de 1884, Ançã (Portugal) – 14 d’agost de 1960, Lisboa</span></h5>
<p>[/et_pb_text][/et_pb_column][/et_pb_row][/et_pb_section][et_pb_section fb_built=&#8221;1&#8243; _builder_version=&#8221;4.27.4&#8243; _module_preset=&#8221;default&#8221; global_colors_info=&#8221;{}&#8221;][et_pb_row column_structure=&#8221;1_5,3_5,1_5&#8243; _builder_version=&#8221;4.27.4&#8243; _module_preset=&#8221;default&#8221; global_colors_info=&#8221;{}&#8221;][et_pb_column type=&#8221;1_5&#8243; _builder_version=&#8221;4.27.4&#8243; _module_preset=&#8221;default&#8221; global_colors_info=&#8221;{}&#8221;][/et_pb_column][et_pb_column type=&#8221;3_5&#8243; _builder_version=&#8221;4.27.4&#8243; _module_preset=&#8221;default&#8221; global_colors_info=&#8221;{}&#8221;][et_pb_text _builder_version=&#8221;4.27.4&#8243; _module_preset=&#8221;default&#8221; global_colors_info=&#8221;{}&#8221;]</p>
<h4 style="line-height: 150%; text-align: justify;">Jaime Zuzarte Cortesão va ser un destacat metge, polític, historiador i escriptor portugués. Va estudiar Medicina a la Universitat de Coïmbra i es va graduar el 1909. </h4>
<h4 style="line-height: 150%; text-align: justify;">Cortesão va ser un actiu defensor de la Primera República Portuguesa i va participar com a capità i metge en el Cos Expedicionari Portugués durant la Primera Guerra Mundial. El 1919, es va convertir en director de la Biblioteca Nacional de Lisboa. Durant la dictadura d’António de Oliveira Salazar, el van perseguir per les seues idees republicanes i francmaçones, la qual cosa el va dur a l’exili a Espanya.  </h4>
<h4 style="line-height: 150%; text-align: justify;">El 1937 va participar en el II CIEDC, en què va defendre el paral·lelisme entre els pobles espanyol i portugués. Amb la derrota de la República el 1939, es va instal·lar a França, d’on va tornar a fugir i va tornar, esta vegada, a Portugal, quan el país va patir la invasió nazi. Detingut novament, es va exiliar, finalment, al Brasil, on va ser docent, periodista i orador, i on va destacar també com a investigador sobre la història de Portugal i la seua expansió, i la història del Brasil.  </h4>
<h4 style="line-height: 150%; text-align: justify;">Va tornar a Portugal el 1957 i va continuar la seua tasca intel·lectual fins a la seua mort.</h4>
<p>[/et_pb_text][/et_pb_column][et_pb_column type=&#8221;1_5&#8243; _builder_version=&#8221;4.27.4&#8243; _module_preset=&#8221;default&#8221; global_colors_info=&#8221;{}&#8221;][/et_pb_column][/et_pb_row][/et_pb_section][et_pb_section fb_built=&#8221;1&#8243; _builder_version=&#8221;4.27.4&#8243; _module_preset=&#8221;default&#8221; background_color=&#8221;#000000&#8243; global_colors_info=&#8221;{}&#8221;][et_pb_row _builder_version=&#8221;4.27.4&#8243; _module_preset=&#8221;default&#8221; global_colors_info=&#8221;{}&#8221;][et_pb_column type=&#8221;4_4&#8243; _builder_version=&#8221;4.27.4&#8243; _module_preset=&#8221;default&#8221; global_colors_info=&#8221;{}&#8221;][et_pb_gallery gallery_ids=&#8221;5679,5680,5681&#8243; fullwidth=&#8221;on&#8221; _builder_version=&#8221;4.27.4&#8243; _module_preset=&#8221;default&#8221; global_colors_info=&#8221;{}&#8221;][/et_pb_gallery][/et_pb_column][/et_pb_row][/et_pb_section]</p>

<p>29 d’abril de 1884, Ançã (Portugal) – 14 d’agost de 1960, LisboaJaime Zuzarte Cortesão va ser un destacat metge, polític, historiador i escriptor portugués. Va estudiar Medicina a la Universitat de Coïmbra i es va graduar el 1909. Cortesão va ser un actiu defensor de la Primera República Portuguesa i va participar com a capità [&hellip;]</p>
